What is the greatest common divisor of 203 and a?
29
Let u = 31 + -73. Let v = -51 - u. Let q be (20 + 0)*v/((-18)/8). Calculate the highest common factor of q and 10.
10
Let o = -51 + 282. Suppose -3*s + o = -27. What is the greatest common divisor of 301 and s?
43
Let y(h) = -h + 4. Let u be y(-4). Let a be u/(-4*1/(-2)). Suppose m - 17 = a. Calculate the highest common divisor of 105 and m.
21
Let u be 1 - (-4 - (36 - 1)). Suppose 0 = -10*q - 2*q + 240. What is the highest common factor of q and u?
20
Suppose -35 = h - 8*h. Suppose h*w = 6 + 9. Suppose w*v = 41 - 17. Calculate the highest common divisor of 88 and v.
8
Suppose 12 = j - 16. Let g(p) = 3*p**2 + 2*p - 9. Let z be g(-2). Let u be 49 + -54 - z*47. What is the greatest common factor of j and u?
14
Let c = 630 - 590. Suppose -c*t + 784 = -416. Calculate the greatest common divisor of t and 70.
10
Let m(v) = 8*v**2 - 65*v + 191. Let z be m(3). Calculate the highest common divisor of 578 and z.
34
Let i(d) = d**2 - 4*d + 4. Let s be i(2). Let x be (-80)/20*(14/(-8) - s). Suppose 198 = -x*u + 16*u. What is the highest common divisor of u and 66?
22
Let v = -12 - -18. Suppose -v*i = -3*i - 24. Let j(m) = -6*m - 24. Let c be j(-8). Calculate the highest common divisor of i and c.
8
Suppose -32*v = -35*v + 5*d + 523, 5*d = -3*v + 503. Calculate the greatest common factor of v and 969.
57
Let t be 540/24*(-16)/(-10). Let d = 7 - 10. Let l be 6/d - -72 - -2. What is the greatest common factor of l and t?
36
Suppose -2*a - 72 = -5*a. Let i(j) = -j**3 + 8*j**2 - 6*j + 16. Let t be i(7). Suppose -t*s + 612 = -6*s. What is the greatest common factor of s and a?
12
Let i be -7 - (-24 - -8 - (-2)/(-2)*-3). Calculate the highest common divisor of 16818 and i.
6
Let f = -198 + 230. Let w = -5 - -9. Let l = f + w. Calculate the greatest common factor of 9 and l.
9
Let b = 5295 - 5292. Calculate the greatest common factor of b and 48.
3
Let j(x) = 19*x - 18*x + 2 - 8. Let z be j(10). Suppose 4*t = -5*d + 50, -z*t + 36 = 2*d + 2*d. What is the greatest common factor of 70 and d?
14
Let v = -435 + 437. Suppose v*z - 2*s = 2*s + 444, -4*z - 5*s = -875. What is the greatest common factor of z and 88?
44
Let u = -1972 - -2388. Let m = 56 + -43. What is the greatest common divisor of m and u?
13
Let h(y) = y + 25. Let s = -26 - -20. Let l(x) = x**3 + 7*x**2 + 8*x + 2. Let a be l(s). Let n be h(a). What is the highest common factor of 5 and n?
5
Let v be (36/10)/(-3 - 176/(-55)). Suppose -198 = -5*u + 4*u. What is the greatest common divisor of v and u?
18
Let i(z) = -57*z + 1011. Let o be i(16). Calculate the highest common factor of 638 and o.
11
Suppose 0 = -108*g + 1116831 + 1053213. What is the highest common divisor of 71 and g?
71
Let g = 32 + -29. Suppose s - g*s - 6 = 0, -2*x = -3*s - 135. Let o be (14/(-5))/((-6)/90). Calculate the highest common divisor of o and x.
21
Suppose 31*m + 54548 = 193273. What is the greatest common divisor of m and 179?
179
Let k(h) = 3*h**3 - 2*h**2 + 130*h - 518. Let l be k(4). Calculate the highest common divisor of l and 2.
2
Suppose 2408 = 4*v + 4*i, 90 = -4*v - 3*i + 2498. Calculate the greatest common divisor of 1978 and v.
86
Suppose -4*y = 42 - 174. Suppose -42*c = -y*c - 900. What is the highest common divisor of 15 and c?
5
Let q(l) = -33*l**3 - l**2 - 90*l - 183. Let w be q(-2). What is the highest common factor of w and 4?
1
Suppose 3*o - 241 - 1466 = 0. Suppose 0 = 4*s - 47 - o. Let y be ((-252)/(-45) - 6)*(-35 - 0). Calculate the highest common divisor of s and y.
14
Let d = 72 - 65. Suppose 6*k = d*k + 80. Let i = k - -113. Calculate the highest common divisor of i and 132.
33
Let r be (8 + 78/(-12))*(2 + -3 - -3). What is the greatest common divisor of r and 2049?
3
Let u(v) = -2*v + 76. Let k be u(20). Suppose z = -3*z + 16. Calculate the greatest common divisor of k and z.
4
Let m(x) = -25*x - 25. Let s be m(24). Let b = -469 - s. What is the greatest common factor of b and 60?
12
Let v be (212 - 2)/(-25 + (14 - -12)). What is the highest common factor of 1110 and v?
30
Let g(c) = 9*c**2 - 20*c - 12. Let j be g(6). What is the highest common divisor of j and 30?
6
Let k = -3 + 18. Let n be ((-4)/10)/((-3)/k). Let v be n/(-3) - (-112)/6. What is the highest common factor of v and 45?
9
Let m = 7169 - 6134. What is the greatest common factor of 180 and m?
45
Let k(q) = 2*q**3 + 13*q**2 - 2*q + 49. Let x be k(-7). Let j be (x + -47)/(3/(-8)). Calculate the highest common divisor of j and 40.
8
Let c(l) = l + 27. Let h be c(-19). Suppose q + 0 = h. Calculate the highest common divisor of 72 and q.
8
Let i be 42/8*(-340)/(-3). Let s be 512/6 + 8/(-24). Calculate the highest common divisor of s and i.
85
Let j be (-1)/(((-28)/42)/(20/6)). Suppose 5*s = 2*b + 1 + 6, -4*b - j*s = -61. Suppose 378 = -7*o + b*o. Calculate the greatest common divisor of o and 21.
21
Let g(z) = -12*z - 13 + 10*z + 3*z. Let q be g(15). Let l(s) = 4*s**2 + s + 3. Let r be l(q). What is the greatest common divisor of r and 63?
21
Suppose 55 + 179 = 19*r - 146. What is the highest common divisor of 20280 and r?
20
Let g(d) be the third derivative of 5*d**4/6 + 7*d**3/3 + 99*d**2. Let j be g(2). What is the greatest common divisor of 24 and j?
6
Suppose 266*i - 89472 = 32*i + 68478. What is the greatest common factor of i and 975?
75
Let f be 20/(-24) - (0 + 692/(-24)). Calculate the highest common factor of 11732 and f.
28
Suppose -7*m + 17*m - 3861 = -m. What is the greatest common factor of m and 81?
27
Suppose 2*f - 6315 = -3*k, -137*k + 138*k - 2*f = 2105. Calculate the greatest common divisor of k and 5.
5
Suppose 5*r + 2976 = 10202 + 15764. What is the highest common divisor of r and 1045?
209
Suppose -378*y + 536*y - 679366 = 3030000. Calculate the greatest common divisor of 34 and y.
17
Suppose 3*j = -5*x + 5651, 2*x + 49 = 63. Calculate the greatest common factor of 1440 and j.
144
Let x = 3504 - 3453. Suppose 16 = -j + 186. What is the greatest common divisor of x and j?
17
Let k(x) = -x**3 - 11*x**2 - 27*x + 19. Let h be k(-7). Suppose h*m = 11*m + 923. Calculate the highest common divisor of m and 71.
71
Let f be (58/(-6) + (-6)/18)/(-2). Suppose d + f*d - 60 = 0. Suppose -135 = -d*m + 7*m. What is the greatest common divisor of 18 and m?
9
Let n be 368 - (-12 - -17 - 7). What is the greatest common factor of n and 111?
37
Let t be (-60)/(((-1)/(-4))/(9/(-36))). Suppose -38*o = -40*o + t. Suppose -11*a + a + o = 0. Calculate the greatest common factor of 24 and a.
3
Let y(i) = 31 + 14 - 2*i - 17. Let p be y(-5). Calculate the greatest common factor of 6 and p.
2
Let r be -4 - (-2 - -16 - 6). Let n be -26*8*(4 - (-93)/r). What is the highest common factor of n and 39?
39
Suppose -6*o = -3*o - 5*u - 10, 52 = 4*o + 3*u. Let j(c) = 2*c**2 + o*c - 3*c - 4 - 9*c. Let s be j(-2). Calculate the greatest common divisor of s and 40.
8
Suppose -3*x = r + 5, 2*x + 13 - 5 = 0. Let m(c) = -22*c**2 + 16*c**2 - 11 + r*c**2 - c. Let i be m(4). What is the greatest common factor of i and 1?
1
Suppose 4*x = -2*b + 12, b + x - 7 + 4 = 0. Let v be (b + 4/5)/((-2)/(-640)). Calculate the highest common divisor of 4 and v.
4
Suppose -5*v + 97 = -4*r - 57, -153 = -5*v + 3*r. Calculate the highest common divisor of v and 10.
10
Let s(r) = 2*r + 2. Let q be s(5). Let k be (-1*(6 + -3) + 4)*141. Suppose -145*j + k*j + 8 = 0. What is the highest common divisor of q and j?
2
Suppose 2*y - h = 64, 0 = 2*h - 2 - 10. Let j = -689 - -1284. What is the greatest common divisor of y and j?
35
Suppose -8 = -5*f - 4*l + 25, 0 = -l - 3. Let b(d) = -16*d + 28. Let z be b(f). Let m = z - -200. What is the greatest common factor of m and 56?
28
Suppose s - 5*w - 13 = -3*s, 0 = 4*s - w - 9. Suppose l + s*l - 513 = 0. Let x be (-1 - -2) + -3 - -21. What is the greatest common divisor of x and l?
19
Let f be (-247 - -5)*((-6)/4 - -1)*1. What is the highest common factor of f and 1408?
11
Let h be ((-32)/(-3))/(-2)*6/(-4). Let v be 852/h + (-6)/(-4). Suppose -6*z + 2*z + 108 = 0. Calculate the greatest common factor of z and v.
27
Let s(y) = 37*y - 324. Let i be s(9). What is the highest common factor of i and 366?
3
Let w be (-42)/12*128/(-56) - -115. What is the highest common divisor of w and 2296?
41
Let k 